 = -3*l - 44. Suppose 0 = -0*o + o - c. What is the units digit of g(o)?
2
Suppose 44 + 112 = 3*v. Let a = v + -38. What is the tens digit of a?
1
Let u = 2357 - 836. What is the units digit of u?
1
Let z(g) = -g**3 + 7*g**2 + 19*g - 6. Let i be z(9). Suppose i*r - k = 40, -7*k + 2*k = 5*r - 100. What is the units digit of r?
5
Suppose -3*x + 4*c - 313 = -8*x, x - c - 59 = 0. Suppose -x - 29 = -3*k. What is the tens digit of k?
3
Suppose -62*u + 63*u = -c + 4036, 0 = 4*u - 5*c - 16189. What is the units digit of u?
1
Suppose -5*t = -10*t + 5, -7 = 5*z - 2*t. Let g(f) = f - 1. Let m(l) = 34*l**2 - 5*l + 6. Let o(c) = 5*g(c) + m(c). What is the units digit of o(z)?
5
Suppose -q + 5261 = -2*y, 4*q - 21068 = 6*y - 4*y. What is the hundreds digit of q?
2
Let z = -16 - -16. Suppose z = -u + 5*u + 164. Let h = u + 68. What is the tens digit of h?
2
Suppose -v - 240 = -4*v. Let d = -19 + v. What is the tens digit of d?
6
Let u(b) be the first derivative of 6*b**2 + 13*b - 1/3*b**3 + 2. What is the units digit of u(10)?
3
Let m(u) = -u - 1. Suppose -t = s + 1, -7*s - 21 = -2*s - 3*t. Let p be m(s). Suppose -p*b + 41 = -71. What is the tens digit of b?
5
Suppose -2*d - 2*d + 48 = 0. Suppose d*p - 1410 = 2*p. What is the units digit of p?
1
Suppose 4*h - 2*a = -148, 3*a + 2*a + 20 = 0. What is the units digit of (-366)/(-8) - h/(-52)?
5
Let p(j) = 2*j**3 + 2*j**2 - 2*j + 1. Let h be p(1). Let n(t) = -4*t**2 + h*t + 0 + 5*t**2 + 2 + 0*t. What is the units digit of n(-4)?
6
Let u(w) = w**3 + 16*w**2 + 13*w - 26. Let l be u(-15). Let s = -7 + 11. Suppose -s*a - l*k = -196, -k = 4*a + 57 - 253. What is the tens digit of a?
4
Suppose 7*k - 21 = -21. Suppose k = -3*c - 4*x + 269 + 233, 2*c = 5*x + 304. What is the hundreds digit of c?
1
What is the hundreds digit of ((-348)/8)/(9/(-552))?
6
Suppose -l + 2*y + 270 = -644, l + y = 911. What is the units digit of l?
2
Suppose -3*d = -4*z + 25, -5 = 3*d + 4. Suppose -z*u - 44 = 4*t, 3*u - 1 = -t - 18. What is the units digit of t/(-36) + (-194)/(-18)?
1
Let u be (-2)/(-2) + (65 - 3). Let y = u + 11. What is the units digit of y?
4
Suppose -2*i + 167 = -5*c, 3*c - 2*c - 3 = 0. Let m = i - 35. What is the tens digit of m?
5
Suppose -2*k = -54*k + 48152. What is the units digit of k?
6
Suppose 2*t + 557 = 4851. What is the hundreds digit of t?
1
What is the units digit of -9 + 7 + 0 + 976?
4
What is the thousands digit of 22/6 + -5 + 15884/6?
2
Suppose 16 - 4 = 2*w. Let u be 6*w/9 - -15. Suppose -24*n + 235 = -u*n. What is the tens digit of n?
4
Let r(k) = k + 1. Let p(n) = n**2 - 2*n - 2. Let g be p(-2). Let h = 12 - g. What is the units digit of r(h)?
7
Let i = 5356 + -2678. What is the tens digit of i?
7
Let a(h) = 6 - h - 4 + 6 + 7. Suppose 22 = -n + 2*n + 3*m, -4*m = 4*n - 48. What is the units digit of a(n)?
8
Suppose -14 = 15*k - 59. Let c(g) = 6*g - 6. What is the tens digit of c(k)?
1
Suppose 9058 = -70*m + 77*m. What is the tens digit of m?
9
Let j(g) = 5*g**3 - 3*g + 8*g - 3*g**2 - 4 - 3*g**3 - g**3. What is the units digit of j(3)?
1
Let t(g) = 35*g**3 - 3*g**2 - 2*g + 2. Let z be t(2). Suppose 5*a + 3*n - z = 0, -4*a + 0*n = 5*n - 205. What is the tens digit of a?
5
Let g = 175 - 100. Suppose g = -6*z + 9*z. What is the units digit of z?
5
Let v = 14 + -12. Let d(u) = -6 + 2 + 1 + 10*u. What is the units digit of d(v)?
7
Let u(r) = 3*r + 1. Let p be u(1). Suppose p*y = -f - 13, 2*f = f + 4*y - 37. What is the tens digit of -1*2 - (f + 9)?
1
Let n = 26 + -30. What is the units digit of (n/1)/8*-122?
1
Suppose -o - 4*j = -1908, 18*o + 1890 = 19*o - 5*j. What is the thousands digit of o?
1
Let s(z) = -40*z - 57. Let g(n) = -20*n - 29. Let w(q) = 5*g(q) - 3*s(q). What is the tens digit of w(4)?
0
Let z be (-2*1 + -1)/(-3 + 2). Suppose 5*d = z*l + 296, 3*d - 4*l - 66 = 2*d. What is the tens digit of d?
5
What is the thousands digit of ((-77869)/(-55) - 6/(-5))/1?
1
Suppose 14 = v + v - 2*c, -3*c + 7 = 4*v. Suppose 0 = 2*o + 3*s - 222, 0 = s - 3*s - v. What is the hundreds digit of o?
1
Let m = -1 + 6. Suppose m = 5*n - 0*n. What is the units digit of n/3 + (-32)/(-12)?
3
Suppose 5*y = 3*v + 19815, 7*v - 12*v = -5*y + 19825. What is the hundreds digit of y?
9
Suppose 106 = 5*g + 4*t, 0 = 2*g - 4*g + 5*t + 16. Let d = 91 - g. What is the tens digit of d?
7
Suppose -5*o + 2985 = 2*k, k + 21*o = 22*o + 1489. What is the units digit of k?
0
Let b be 7/(14/4)*(-426)/12. Let s = b + 122. What is the tens digit of s?
5
Suppose 13*z + 926 = 5047. What is the hundreds digit of z?
3
Let t(m) = -2*m**3 + 9*m**2 - 7*m - 47. What is the tens digit of t(-6)?
5
Let t(g) = 3*g**2 + 10*g + 9. Let l(b) = 4*b**2 + 10*b + 8. Let s(a) = -2*l(a) + 3*t(a). Let j = -5 - 4. What is the units digit of s(j)?
2
Let i be 318/8*(-8)/(-2). Let f be 0 + (-6 - -12) - 119. Let z = i + f. What is the units digit of z?
6
Let c(a) be the third derivative of -a**5/60 + 5*a**4/12 + 13*a**3/6 + a**2. Suppose -32 - 22 = -9*t. What is the tens digit of c(t)?
3
Let g = 5694 + -2634. What is the thousands digit of g?
3
Let b(d) = -672*d - 410. What is the tens digit of b(-8)?
6
Let f(h) = -1028*h**3 - h**2 - 2*h - 1. What is the tens digit of f(-1)?
2
Let y(w) = -29*w + 1. Let k be y(-1). Let v be (28/(-6) - -4)*15/(-1). Let p = k - v. What is the units digit of p?
0
Let f(x) = 3*x**2 - 6*x - 2. Suppose -2*b - 6 = -2*c, 2*c + 4*b = -0*b + 6. Suppose 0 = -c*i - 0*i + 15. What is the units digit of f(i)?
3
Let r = 16 + -13. Let p(w) = w**2 - 2*w**2 + 26*w**3 - 1 + w + 22*w**r + 0*w**2. What is the units digit of p(1)?
7
Let m(k) = -k + 26. Let c be m(0). Suppose 4*z = v - 86 + 271, -4*z - 2*v = -182. Let b = z - c. What is the tens digit of b?
2
Suppose 3*z - 948 = -3*z. What is the tens digit of z?
5
Let b = 644 - 383. Let f = b + -123. What is the hundreds digit of f?
1
Suppose -y = -5*u + 229 + 1464, 5*u = -4*y + 1703. What is the units digit of u?
9
Let o be (1/(-3))/(-2*(-4)/72). What is the tens digit of 858/14 + (o - 57/(-21))?
6
Let k = 1372 + -818. Let x = k + -214. What is the hundreds digit of x?
3
Let r(y) = -y**3 - 10*y**2 + 8*y - 15. Let q be r(-11). Let w be -2*q*6/(-8). Suppose 0 = -4*x + 17 + w. What is the units digit of x?
1
Suppose 0 = 2*b - 8, -u = b + 2*b - 14. Let o be -2 + (u - (-5 - -3)). Suppose -90 = -3*j - 3*m, o*j - 40 = -0*j + 2*m. What is the units digit of j?
5
Let u(p) = p**3 - 2*p**2 - 2*p - 1. Let l be u(-1). Let v be 2*l/(2 - -2). Let a = 9 + v. What is the units digit of a?
8
Let u(f) = -46*f**3 - f - 1. Suppose -25 = 5*s - 5*t, -t = -4*s + 2*s - 6. What is the tens digit of u(s)?
4
Let g be (-1)/(100/105 + -1). Let m(l) = l**3 - 22*l**2 + 23*l - 23. What is the tens digit of m(g)?
1
Suppose 1097*s + 9384 = 1101*s. What is the hundreds digit of s?
3
Let j(r) = 100*r - 24. What is the tens digit of j(5)?
7
Let c(i) = -i**3 - 23*i**2 + 7*i - 44. What is the tens digit of c(-24)?
6
Let q(h) = -h**3 - 6*h**2 - 5*h + 4. Let w be q(-5). Suppose w*b = -b + 600. Suppose 2*g - 7*g = -b. What is the tens digit of g?
2
Let b = -12 - -24. Let a = b + -10. Suppose 0 = -a*r + 7 + 1. What is the units digit of r?
4
Let a(f) = -5*f**2 + f + 1. Let y be a(-1). Let v = 0 - y. Suppose -v*u + 0 + 5 = 0. What is the units digit of u?
1
Let k(y) = y**2 + 14*y + 47. Let o be k(-5). Suppose -o*b + 138 = s, 0*b + 15 = 5*b. What is the tens digit of s?
3
Suppose 1335 - 120 = 3*q. Suppose 0 = -5*o - 2*r + q, -4*o + 2*r + 405 = o. Let u = o - 51. What is the tens digit of u?
3
Suppose -a + 0*a = -598. What is the units digit of a?
8
Let n(h) = h**2 - 8*h + 2. Let v be n(8). Suppose 0 = -0*w + v*w - 144. Suppose 0*o = 6*o - w. What is the units digit of o?
2
Let t = 889 - -327. What is the units digit of t?
6
Suppose 2*u = 5*v + 48, u + 5*v - v = 11. What is the units digit of u?
9
Let q = 8 - -7. Let r = -12 + q. Suppose u + r*y = 5 + 3, -5*y + 2 = -4*u. What is the units digit of u?
2
Suppose 3*q - 646 = -m, 9*m = 5*q + 12*m - 1078. What is the hundreds digit of q?
2
Let l(m) = -4*m + 19. Let x(j) = -3*j + 19. Let u(s) = -4*l(s) + 5*x(s). What is the tens digit of u(15)?
3
Suppose 0 = 2*x + 295 - 89. Let r = 1086 + -1242. Let u = x - r. What is the units digit of u?
3
Suppose 4*r - 6 = 54. Suppose -2*m = m + s - 161, 108 = 2*m + s. Suppose 